{"id":50,"date":"2015-12-29T09:46:12","date_gmt":"2015-12-29T08:46:12","guid":{"rendered":"http:\/\/www.sc-syrau.de\/fussball\/?page_id=50"},"modified":"2025-08-07T15:27:12","modified_gmt":"2025-08-07T13:27:12","slug":"1-mannschaft","status":"publish","type":"page","link":"https:\/\/www.sc-syrau.de\/fussball\/1-mannschaft\/","title":{"rendered":"1. Mannschaft"},"content":{"rendered":"<p>[et_pb_section fb_built=&#8220;1&#8243; admin_label=&#8220;section&#8220; _builder_version=&#8220;4.16&#8243; global_colors_info=&#8220;{}&#8220;][et_pb_row admin_label=&#8220;row&#8220; _builder_version=&#8220;4.16&#8243; background_size=&#8220;initial&#8220; background_position=&#8220;top_left&#8220; background_repeat=&#8220;repeat&#8220; global_colors_info=&#8220;{}&#8220;][et_pb_column type=&#8220;4_4&#8243; _builder_version=&#8220;4.16&#8243; custom_padding=&#8220;|||&#8220; global_colors_info=&#8220;{}&#8220; custom_padding__hover=&#8220;|||&#8220;][et_pb_text admin_label=&#8220;Einleitung&#8220; _builder_version=&#8220;4.16&#8243; background_size=&#8220;initial&#8220; background_position=&#8220;top_left&#8220; background_repeat=&#8220;repeat&#8220; use_border_color=&#8220;off&#8220; border_color=&#8220;#ffffff&#8220; border_style=&#8220;solid&#8220; global_colors_info=&#8220;{}&#8220;]<\/p>\n<h2>Die 1. Fu\u00dfball-Mannschaft des SC Syrau<\/h2>\n<p>[\/et_pb_text][\/et_pb_column][\/et_pb_row][et_pb_row column_structure=&#8220;3_4,1_4&#8243; admin_label=&#8220;row&#8220; _builder_version=&#8220;4.16&#8243; background_size=&#8220;initial&#8220; background_position=&#8220;top_left&#8220; background_repeat=&#8220;repeat&#8220; global_colors_info=&#8220;{}&#8220;][et_pb_column type=&#8220;3_4&#8243; _builder_version=&#8220;4.16&#8243; custom_padding=&#8220;|||&#8220; global_colors_info=&#8220;{}&#8220; custom_padding__hover=&#8220;|||&#8220;][et_pb_image src=&#8220;https:\/\/www.sc-syrau.de\/fussball\/wp-content\/uploads\/sites\/2\/2024\/10\/DSC09359-min-scaled.jpg&#8220; title_text=&#8220;DSC09359-min&#8220; show_in_lightbox=&#8220;on&#8220; show_bottom_space=&#8220;off&#8220; align=&#8220;center&#8220; align_tablet=&#8220;center&#8220; align_phone=&#8220;&#8220; align_last_edited=&#8220;on|desktop&#8220; _builder_version=&#8220;4.27.0&#8243; border_style=&#8220;solid&#8220; animation=&#8220;off&#8220; sticky=&#8220;on&#8220; global_colors_info=&#8220;{}&#8220;][\/et_pb_image][et_pb_text admin_label=&#8220;Spielernamen&#8220; _builder_version=&#8220;4.27.0&#8243; text_font_size=&#8220;12&#8243; background_size=&#8220;initial&#8220; background_position=&#8220;top_left&#8220; background_repeat=&#8220;repeat&#8220; border_style=&#8220;solid&#8220; global_colors_info=&#8220;{}&#8220;]<\/p>\n<p><span style=\"text-decoration: underline;\">1. Reihe v.l.:<\/span> Tobias Erl, Fabian Stein, Chris Reinfeld, Tom Limmer, Stafan Z\u00f6phel, Leon Wolf, Florian Kunze, Dominique Steinbach, Fabian M\u00fcller, Max Weidner<br \/><span style=\"text-decoration: underline;\">2. Reihe v.l.:<\/span> Daniel Wolf (Co-Trainer), Enrico Himsel (Torwarttrainer), Toni Seyfarth (Co-Trainer), Lukas Seyfarth, Leon Mannig, Pascal Steinbach, Patrick Kugler (Mannschaftsleiter), Florian M\u00f6ckel (sportlicher Leiter), Maximilian Jung (Mannschaftsleiter)<br \/><span style=\"text-decoration: underline;\">3. Reihe v.l.:<\/span> Bastian Wolf, Max Rudisch, Jonas Dettloff, Yannic Freund, Chris Begerock (Trainer), Tobias John, Toni B\u00f6snecker, Paul Schneider (Kapit\u00e4n), Axel Sennewald, Janek Wei\u00df<br \/><span style=\"text-decoration: underline;\">Es fehlen:<\/span> Tommy F\u00e4rber, Benjamin Matthes, Clemens Zierold, Luca Scholler, Michel B\u00e4r<\/p>\n<p>[\/et_pb_text][\/et_pb_column][et_pb_column type=&#8220;1_4&#8243; _builder_version=&#8220;4.16&#8243; custom_padding=&#8220;|||&#8220; global_colors_info=&#8220;{}&#8220; custom_padding__hover=&#8220;|||&#8220;][et_pb_text admin_label=&#8220;Training&#8220; _builder_version=&#8220;4.16&#8243; background_size=&#8220;initial&#8220; background_position=&#8220;top_left&#8220; background_repeat=&#8220;repeat&#8220; text_orientation=&#8220;center&#8220; module_alignment=&#8220;center&#8220; use_border_color=&#8220;off&#8220; border_color=&#8220;#ffffff&#8220; border_style=&#8220;solid&#8220; global_colors_info=&#8220;{}&#8220;]<strong>Trainingszeiten<\/strong><\/p>\n<p><span style=\"text-decoration: underline;\">Dienstag<\/span><br \/>\n18:30 bis 20:30 Uhr<\/p>\n<p><span style=\"text-decoration: underline;\">Donnerstag<\/span><br \/>\n18:30 bis 20:30 Uhr<br \/>\n[\/et_pb_text][et_pb_text admin_label=&#8220;Trainer&#8220; _builder_version=&#8220;4.16&#8243; background_size=&#8220;initial&#8220; background_position=&#8220;top_left&#8220; background_repeat=&#8220;repeat&#8220; text_orientation=&#8220;center&#8220; module_alignment=&#8220;center&#8220; use_border_color=&#8220;off&#8220; border_color=&#8220;#ffffff&#8220; border_style=&#8220;solid&#8220; global_colors_info=&#8220;{}&#8220;]<\/p>\n<p><strong>Trainerteam<\/strong><\/p>\n<p><span style=\"text-decoration: underline;\">Trainer<\/span><br \/>Chris Begerock<br \/>(0151\/51181881)<\/p>\n<p><span style=\"text-decoration: underline;\">Co-Trainer<\/span><br \/>Daniel Wolf<br \/>(0176\/31318159)<\/p>\n<p><span style=\"text-decoration: underline;\">Mannschaftsleiter<\/span><br \/>Patrick Kugler<\/p>\n<p>[\/et_pb_text][\/et_pb_column][\/et_pb_row][et_pb_row column_structure=&#8220;1_2,1_2&#8243; _builder_version=&#8220;4.27.0&#8243; _module_preset=&#8220;default&#8220; global_colors_info=&#8220;{}&#8220;][et_pb_column type=&#8220;1_2&#8243; _builder_version=&#8220;4.27.0&#8243; _module_preset=&#8220;default&#8220; global_colors_info=&#8220;{}&#8220;][et_pb_code _builder_version=&#8220;4.27.0&#8243; _module_preset=&#8220;default&#8220; global_colors_info=&#8220;{}&#8220;]<\/p>\n<div <!-- [et_pb_line_break_holder] -->  class=&#8220;fussballde_widget&#8220;<!-- [et_pb_line_break_holder] -->  data-id=&#8220;66c39a4a-3000-40a6-bf5f-93ad4dd785c1&#8243;<!-- [et_pb_line_break_holder] -->  data-type=&#8220;table&#8220;<!-- [et_pb_line_break_holder] -->  style=&#8220;width: 100%&#8220;<!-- [et_pb_line_break_holder] -->><\/div>\n<p>[\/et_pb_code][\/et_pb_column][et_pb_column type=&#8220;1_2&#8243; _builder_version=&#8220;4.27.0&#8243; _module_preset=&#8220;default&#8220; global_colors_info=&#8220;{}&#8220;][et_pb_code _builder_version=&#8220;4.27.0&#8243; _module_preset=&#8220;default&#8220; global_colors_info=&#8220;{}&#8220;]<\/p>\n<div <!-- [et_pb_line_break_holder] -->  class=&#8220;fussballde_widget&#8220;<!-- [et_pb_line_break_holder] -->  data-id=&#8220;ac46e979-076e-4cfe-b8d0-b5841e44d961&#8243;<!-- [et_pb_line_break_holder] -->  data-type=&#8220;team-matches&#8220;<!-- [et_pb_line_break_holder] -->  style=&#8220;width: 100%&#8220;<!-- [et_pb_line_break_holder] -->><\/div>\n<p>[\/et_pb_code][\/et_pb_column][\/et_pb_row][et_pb_row admin_label=&#8220;row&#8220; _builder_version=&#8220;4.16&#8243; background_size=&#8220;initial&#8220; background_position=&#8220;top_left&#8220; background_repeat=&#8220;repeat&#8220; global_colors_info=&#8220;{}&#8220;][et_pb_column type=&#8220;4_4&#8243; _builder_version=&#8220;4.16&#8243; custom_padding=&#8220;|||&#8220; global_colors_info=&#8220;{}&#8220; custom_padding__hover=&#8220;|||&#8220;][et_pb_text _builder_version=&#8220;4.16&#8243; background_size=&#8220;initial&#8220; background_position=&#8220;top_left&#8220; background_repeat=&#8220;repeat&#8220; use_border_color=&#8220;off&#8220; border_color=&#8220;#ffffff&#8220; border_style=&#8220;solid&#8220; global_colors_info=&#8220;{}&#8220;]<\/p>\n<h3>Spielbericht<\/h3>\n<p>[\/et_pb_text][et_pb_blog posts_number=&#8220;1&#8243; include_categories=&#8220;85,1&#8243; meta_date=&#8220;j.m.Y&#8220; show_content=&#8220;on&#8220; show_pagination=&#8220;off&#8220; admin_label=&#8220;Berichte&#8220; _builder_version=&#8220;4.27.0&#8243; hover_enabled=&#8220;0&#8243; global_colors_info=&#8220;{}&#8220; sticky_enabled=&#8220;0&#8243;][\/et_pb_blog][\/et_pb_column][\/et_pb_row][et_pb_row admin_label=&#8220;row&#8220; _builder_version=&#8220;4.16&#8243; background_size=&#8220;initial&#8220; background_position=&#8220;top_left&#8220; background_repeat=&#8220;repeat&#8220; global_colors_info=&#8220;{}&#8220;][et_pb_column type=&#8220;4_4&#8243; _builder_version=&#8220;4.16&#8243; custom_padding=&#8220;|||&#8220; global_colors_info=&#8220;{}&#8220; custom_padding__hover=&#8220;|||&#8220;][et_pb_gallery gallery_ids=&#8220;1143,1158,1157,1156,1155,1151,1152,1153,1154,1149,1148,2185,1147,1146,1140,1144,1138,1137,1135,1134,1159,1168,1169,1170,1173,1579,1578,1086&#8243; gallery_orderby=&#8220;rand&#8220; show_title_and_caption=&#8220;off&#8220; show_pagination=&#8220;off&#8220; admin_label=&#8220;Galerie Sponsoren&#8220; _builder_version=&#8220;4.16&#8243; use_border_color=&#8220;off&#8220; border_color=&#8220;#ffffff&#8220; border_style=&#8220;solid&#8220; global_colors_info=&#8220;{}&#8220;][\/et_pb_gallery][\/et_pb_column][\/et_pb_row][et_pb_row _builder_version=&#8220;4.16&#8243; background_size=&#8220;initial&#8220; background_position=&#8220;top_left&#8220; background_repeat=&#8220;repeat&#8220; global_colors_info=&#8220;{}&#8220;][et_pb_column type=&#8220;4_4&#8243; _builder_version=&#8220;4.16&#8243; custom_padding=&#8220;|||&#8220; global_colors_info=&#8220;{}&#8220; custom_padding__hover=&#8220;|||&#8220;][et_pb_text admin_label=&#8220;\u00e4ltere Beitr\u00e4ge&#8220; _builder_version=&#8220;4.16&#8243; background_size=&#8220;initial&#8220; background_position=&#8220;top_left&#8220; background_repeat=&#8220;repeat&#8220; use_border_color=&#8220;off&#8220; border_color=&#8220;#ffffff&#8220; border_style=&#8220;solid&#8220; global_colors_info=&#8220;{}&#8220;]<\/p>\n<h3>\u00e4ltere Beitr\u00e4ge<\/h3>\n<p>[\/et_pb_text][et_pb_blog posts_number=&#8220;50&#8243; include_categories=&#8220;85,1&#8243; meta_date=&#8220;j.m.Y&#8220; show_thumbnail=&#8220;off&#8220; show_more=&#8220;on&#8220; show_pagination=&#8220;off&#8220; _builder_version=&#8220;4.27.0&#8243; hover_enabled=&#8220;0&#8243; border_style=&#8220;solid&#8220; use_dropshadow=&#8220;off&#8220; global_colors_info=&#8220;{}&#8220; sticky_enabled=&#8220;0&#8243;][\/et_pb_blog][\/et_pb_column][\/et_pb_row][\/et_pb_section]<\/p>\n","protected":false},"excerpt":{"rendered":"<p>Die 1. Fu\u00dfball-Mannschaft des SC Syrau 1. Reihe v.l.: Tobias Erl, Fabian Stein, Chris Reinfeld, Tom Limmer, Stafan Z\u00f6phel, Leon Wolf, Florian Kunze, Dominique Steinbach, Fabian M\u00fcller, Max Weidner2. Reihe [&hellip;]<\/p>\n","protected":false},"author":1,"featured_media":0,"parent":0,"menu_order":0,"comment_status":"closed","ping_status":"closed","template":"","meta":{"_et_pb_use_builder":"on","_et_pb_old_content":"","_et_gb_content_width":"","footnotes":""},"class_list":["post-50","page","type-page","status-publish","hentry"],"_links":{"self":[{"href":"https:\/\/www.sc-syrau.de\/fussball\/wp-json\/wp\/v2\/pages\/50","targetHints":{"allow":["GET"]}}],"collection":[{"href":"https:\/\/www.sc-syrau.de\/fussball\/wp-json\/wp\/v2\/pages"}],"about":[{"href":"https:\/\/www.sc-syrau.de\/fussball\/wp-json\/wp\/v2\/types\/page"}],"author":[{"embeddable":true,"href":"https:\/\/www.sc-syrau.de\/fussball\/wp-json\/wp\/v2\/users\/1"}],"replies":[{"embeddable":true,"href":"https:\/\/www.sc-syrau.de\/fussball\/wp-json\/wp\/v2\/comments?post=50"}],"version-history":[{"count":126,"href":"https:\/\/www.sc-syrau.de\/fussball\/wp-json\/wp\/v2\/pages\/50\/revisions"}],"predecessor-version":[{"id":2873,"href":"https:\/\/www.sc-syrau.de\/fussball\/wp-json\/wp\/v2\/pages\/50\/revisions\/2873"}],"wp:attachment":[{"href":"https:\/\/www.sc-syrau.de\/fussball\/wp-json\/wp\/v2\/media?parent=50"}],"curies":[{"name":"wp","href":"https:\/\/api.w.org\/{rel}","templated":true}]}}

<p>[et_pb_section fb_built=&#8220;1&#8243; admin_label=&#8220;section&#8220; _builder_version=&#8220;4.16&#8243; global_colors_info=&#8220;{}&#8220;][et_pb_row admin_label=&#8220;row&#8220; _builder_version=&#8220;4.16&#8243; background_size=&#8220;initial&#8220; background_position=&#8220;top_left&#8220; background_repeat=&#8220;repeat&#8220; global_colors_info=&#8220;{}&#8220;][et_pb_column type=&#8220;4_4&#8243; _builder_version=&#8220;4.16&#8243; custom_padding=&#8220;|||&#8220; global_colors_info=&#8220;{}&#8220; custom_padding__hover=&#8220;|||&#8220;][et_pb_text admin_label=&#8220;Einleitung&#8220; _builder_version=&#8220;4.16&#8243; background_size=&#8220;initial&#8220; background_position=&#8220;top_left&#8220; background_repeat=&#8220;repeat&#8220; use_border_color=&#8220;off&#8220; border_color=&#8220;#ffffff&#8220; border_style=&#8220;solid&#8220; global_colors_info=&#8220;{}&#8220;]</p>
<h2>Die 1. Fußball-Mannschaft des SC Syrau</h2>
<p>[/et_pb_text][/et_pb_column][/et_pb_row][et_pb_row column_structure=&#8220;3_4,1_4&#8243; admin_label=&#8220;row&#8220; _builder_version=&#8220;4.16&#8243; background_size=&#8220;initial&#8220; background_position=&#8220;top_left&#8220; background_repeat=&#8220;repeat&#8220; global_colors_info=&#8220;{}&#8220;][et_pb_column type=&#8220;3_4&#8243; _builder_version=&#8220;4.16&#8243; custom_padding=&#8220;|||&#8220; global_colors_info=&#8220;{}&#8220; custom_padding__hover=&#8220;|||&#8220;][et_pb_image src=&#8220;https://www.sc-syrau.de/fussball/wp-content/uploads/sites/2/2024/10/DSC09359-min-scaled.jpg&#8220; title_text=&#8220;DSC09359-min&#8220; show_in_lightbox=&#8220;on&#8220; show_bottom_space=&#8220;off&#8220; align=&#8220;center&#8220; align_tablet=&#8220;center&#8220; align_phone=&#8220;&#8220; align_last_edited=&#8220;on|desktop&#8220; _builder_version=&#8220;4.27.0&#8243; border_style=&#8220;solid&#8220; animation=&#8220;off&#8220; sticky=&#8220;on&#8220; global_colors_info=&#8220;{}&#8220;][/et_pb_image][et_pb_text admin_label=&#8220;Spielernamen&#8220; _builder_version=&#8220;4.27.0&#8243; text_font_size=&#8220;12&#8243; background_size=&#8220;initial&#8220; background_position=&#8220;top_left&#8220; background_repeat=&#8220;repeat&#8220; border_style=&#8220;solid&#8220; global_colors_info=&#8220;{}&#8220;]</p>
<p><span style="text-decoration: underline;">1. Reihe v.l.:</span> Tobias Erl, Fabian Stein, Chris Reinfeld, Tom Limmer, Stafan Zöphel, Leon Wolf, Florian Kunze, Dominique Steinbach, Fabian Müller, Max Weidner<br /><span style="text-decoration: underline;">2. Reihe v.l.:</span> Daniel Wolf (Co-Trainer), Enrico Himsel (Torwarttrainer), Toni Seyfarth (Co-Trainer), Lukas Seyfarth, Leon Mannig, Pascal Steinbach, Patrick Kugler (Mannschaftsleiter), Florian Möckel (sportlicher Leiter), Maximilian Jung (Mannschaftsleiter)<br /><span style="text-decoration: underline;">3. Reihe v.l.:</span> Bastian Wolf, Max Rudisch, Jonas Dettloff, Yannic Freund, Chris Begerock (Trainer), Tobias John, Toni Bösnecker, Paul Schneider (Kapitän), Axel Sennewald, Janek Weiß<br /><span style="text-decoration: underline;">Es fehlen:</span> Tommy Färber, Benjamin Matthes, Clemens Zierold, Luca Scholler, Michel Bär</p>
<p>[/et_pb_text][/et_pb_column][et_pb_column type=&#8220;1_4&#8243; _builder_version=&#8220;4.16&#8243; custom_padding=&#8220;|||&#8220; global_colors_info=&#8220;{}&#8220; custom_padding__hover=&#8220;|||&#8220;][et_pb_text admin_label=&#8220;Training&#8220; _builder_version=&#8220;4.16&#8243; background_size=&#8220;initial&#8220; background_position=&#8220;top_left&#8220; background_repeat=&#8220;repeat&#8220; text_orientation=&#8220;center&#8220; module_alignment=&#8220;center&#8220; use_border_color=&#8220;off&#8220; border_color=&#8220;#ffffff&#8220; border_style=&#8220;solid&#8220; global_colors_info=&#8220;{}&#8220;]<strong>Trainingszeiten</strong></p>
<p><span style="text-decoration: underline;">Dienstag</span><br />
18:30 bis 20:30 Uhr</p>
<p><span style="text-decoration: underline;">Donnerstag</span><br />
18:30 bis 20:30 Uhr<br />
[/et_pb_text][et_pb_text admin_label=&#8220;Trainer&#8220; _builder_version=&#8220;4.16&#8243; background_size=&#8220;initial&#8220; background_position=&#8220;top_left&#8220; background_repeat=&#8220;repeat&#8220; text_orientation=&#8220;center&#8220; module_alignment=&#8220;center&#8220; use_border_color=&#8220;off&#8220; border_color=&#8220;#ffffff&#8220; border_style=&#8220;solid&#8220; global_colors_info=&#8220;{}&#8220;]</p>
<p><strong>Trainerteam</strong></p>
<p><span style="text-decoration: underline;">Trainer</span><br />Chris Begerock<br />(0151/51181881)</p>
<p><span style="text-decoration: underline;">Co-Trainer</span><br />Daniel Wolf<br />(0176/31318159)</p>
<p><span style="text-decoration: underline;">Mannschaftsleiter</span><br />Patrick Kugler</p>
<p>[/et_pb_text][/et_pb_column][/et_pb_row][et_pb_row column_structure=&#8220;1_2,1_2&#8243; _builder_version=&#8220;4.27.0&#8243; _module_preset=&#8220;default&#8220; global_colors_info=&#8220;{}&#8220;][et_pb_column type=&#8220;1_2&#8243; _builder_version=&#8220;4.27.0&#8243; _module_preset=&#8220;default&#8220; global_colors_info=&#8220;{}&#8220;][et_pb_code _builder_version=&#8220;4.27.0&#8243; _module_preset=&#8220;default&#8220; global_colors_info=&#8220;{}&#8220;]</p>
<div <!-- [et_pb_line_break_holder] -->  class=&#8220;fussballde_widget&#8220;<!-- [et_pb_line_break_holder] -->  data-id=&#8220;66c39a4a-3000-40a6-bf5f-93ad4dd785c1&#8243;<!-- [et_pb_line_break_holder] -->  data-type=&#8220;table&#8220;<!-- [et_pb_line_break_holder] -->  style=&#8220;width: 100%&#8220;<!-- [et_pb_line_break_holder] -->></div>
<p>[/et_pb_code][/et_pb_column][et_pb_column type=&#8220;1_2&#8243; _builder_version=&#8220;4.27.0&#8243; _module_preset=&#8220;default&#8220; global_colors_info=&#8220;{}&#8220;][et_pb_code _builder_version=&#8220;4.27.0&#8243; _module_preset=&#8220;default&#8220; global_colors_info=&#8220;{}&#8220;]</p>
<div <!-- [et_pb_line_break_holder] -->  class=&#8220;fussballde_widget&#8220;<!-- [et_pb_line_break_holder] -->  data-id=&#8220;ac46e979-076e-4cfe-b8d0-b5841e44d961&#8243;<!-- [et_pb_line_break_holder] -->  data-type=&#8220;team-matches&#8220;<!-- [et_pb_line_break_holder] -->  style=&#8220;width: 100%&#8220;<!-- [et_pb_line_break_holder] -->></div>
<p>[/et_pb_code][/et_pb_column][/et_pb_row][et_pb_row admin_label=&#8220;row&#8220; _builder_version=&#8220;4.16&#8243; background_size=&#8220;initial&#8220; background_position=&#8220;top_left&#8220; background_repeat=&#8220;repeat&#8220; global_colors_info=&#8220;{}&#8220;][et_pb_column type=&#8220;4_4&#8243; _builder_version=&#8220;4.16&#8243; custom_padding=&#8220;|||&#8220; global_colors_info=&#8220;{}&#8220; custom_padding__hover=&#8220;|||&#8220;][et_pb_text _builder_version=&#8220;4.16&#8243; background_size=&#8220;initial&#8220; background_position=&#8220;top_left&#8220; background_repeat=&#8220;repeat&#8220; use_border_color=&#8220;off&#8220; border_color=&#8220;#ffffff&#8220; border_style=&#8220;solid&#8220; global_colors_info=&#8220;{}&#8220;]</p>
<h3>Spielbericht</h3>
<p>[/et_pb_text][et_pb_blog posts_number=&#8220;1&#8243; include_categories=&#8220;85,1&#8243; meta_date=&#8220;j.m.Y&#8220; show_content=&#8220;on&#8220; show_pagination=&#8220;off&#8220; admin_label=&#8220;Berichte&#8220; _builder_version=&#8220;4.27.0&#8243; hover_enabled=&#8220;0&#8243; global_colors_info=&#8220;{}&#8220; sticky_enabled=&#8220;0&#8243;][/et_pb_blog][/et_pb_column][/et_pb_row][et_pb_row admin_label=&#8220;row&#8220; _builder_version=&#8220;4.16&#8243; background_size=&#8220;initial&#8220; background_position=&#8220;top_left&#8220; background_repeat=&#8220;repeat&#8220; global_colors_info=&#8220;{}&#8220;][et_pb_column type=&#8220;4_4&#8243; _builder_version=&#8220;4.16&#8243; custom_padding=&#8220;|||&#8220; global_colors_info=&#8220;{}&#8220; custom_padding__hover=&#8220;|||&#8220;][et_pb_gallery gallery_ids=&#8220;1143,1158,1157,1156,1155,1151,1152,1153,1154,1149,1148,2185,1147,1146,1140,1144,1138,1137,1135,1134,1159,1168,1169,1170,1173,1579,1578,1086&#8243; gallery_orderby=&#8220;rand&#8220; show_title_and_caption=&#8220;off&#8220; show_pagination=&#8220;off&#8220; admin_label=&#8220;Galerie Sponsoren&#8220; _builder_version=&#8220;4.16&#8243; use_border_color=&#8220;off&#8220; border_color=&#8220;#ffffff&#8220; border_style=&#8220;solid&#8220; global_colors_info=&#8220;{}&#8220;][/et_pb_gallery][/et_pb_column][/et_pb_row][et_pb_row _builder_version=&#8220;4.16&#8243; background_size=&#8220;initial&#8220; background_position=&#8220;top_left&#8220; background_repeat=&#8220;repeat&#8220; global_colors_info=&#8220;{}&#8220;][et_pb_column type=&#8220;4_4&#8243; _builder_version=&#8220;4.16&#8243; custom_padding=&#8220;|||&#8220; global_colors_info=&#8220;{}&#8220; custom_padding__hover=&#8220;|||&#8220;][et_pb_text admin_label=&#8220;ältere Beiträge&#8220; _builder_version=&#8220;4.16&#8243; background_size=&#8220;initial&#8220; background_position=&#8220;top_left&#8220; background_repeat=&#8220;repeat&#8220; use_border_color=&#8220;off&#8220; border_color=&#8220;#ffffff&#8220; border_style=&#8220;solid&#8220; global_colors_info=&#8220;{}&#8220;]</p>
<h3>ältere Beiträge</h3>
<p>[/et_pb_text][et_pb_blog posts_number=&#8220;50&#8243; include_categories=&#8220;85,1&#8243; meta_date=&#8220;j.m.Y&#8220; show_thumbnail=&#8220;off&#8220; show_more=&#8220;on&#8220; show_pagination=&#8220;off&#8220; _builder_version=&#8220;4.27.0&#8243; hover_enabled=&#8220;0&#8243; border_style=&#8220;solid&#8220; use_dropshadow=&#8220;off&#8220; global_colors_info=&#8220;{}&#8220; sticky_enabled=&#8220;0&#8243;][/et_pb_blog][/et_pb_column][/et_pb_row][/et_pb_section]</p>

<p>Die 1. Fußball-Mannschaft des SC Syrau 1. Reihe v.l.: Tobias Erl, Fabian Stein, Chris Reinfeld, Tom Limmer, Stafan Zöphel, Leon Wolf, Florian Kunze, Dominique Steinbach, Fabian Müller, Max Weidner2. Reihe [&hellip;]</p>
