{"id":2,"date":"2018-02-05T20:44:48","date_gmt":"2018-02-05T19:44:48","guid":{"rendered":"http:\/\/www.sc-syrau.de\/kindertanzen\/?page_id=2"},"modified":"2024-04-30T15:04:10","modified_gmt":"2024-04-30T13:04:10","slug":"startseite","status":"publish","type":"page","link":"https:\/\/www.sc-syrau.de\/kindertanzen\/","title":{"rendered":"Startseite"},"content":{"rendered":"<p>[et_pb_section fb_built=&#8220;1&#8243; _builder_version=&#8220;4.16&#8243; global_colors_info=&#8220;{}&#8220;][et_pb_row _builder_version=&#8220;4.16&#8243; background_size=&#8220;initial&#8220; background_position=&#8220;top_left&#8220; background_repeat=&#8220;repeat&#8220; global_colors_info=&#8220;{}&#8220;][et_pb_column type=&#8220;4_4&#8243; _builder_version=&#8220;4.16&#8243; custom_padding=&#8220;|||&#8220; global_colors_info=&#8220;{}&#8220; custom_padding__hover=&#8220;|||&#8220;][et_pb_text admin_label=&#8220;\u00dcberschrift&#8220; _builder_version=&#8220;4.16&#8243; custom_padding=&#8220;2px|||||&#8220; global_colors_info=&#8220;{}&#8220;]<\/p>\n<h2 style=\"text-align: center\"><span style=\"color: #800080\"><strong>Willkommen beim Kinder- und Jugendtanzen des SC Syrau<\/strong><\/span><\/h2>\n<p>[\/et_pb_text][et_pb_image src=&#8220;https:\/\/www.sc-syrau.de\/kindertanzen\/wp-content\/uploads\/sites\/7\/2024\/04\/20240429_164727-scaled.jpg&#8220; title_text=&#8220;20240429_164727&#8243; _builder_version=&#8220;4.24.0&#8243; _module_preset=&#8220;default&#8220; hover_enabled=&#8220;0&#8243; global_colors_info=&#8220;{}&#8220; sticky_enabled=&#8220;0&#8243;][\/et_pb_image][\/et_pb_column][\/et_pb_row][et_pb_row _builder_version=&#8220;4.16&#8243; background_size=&#8220;initial&#8220; background_position=&#8220;top_left&#8220; background_repeat=&#8220;repeat&#8220; global_colors_info=&#8220;{}&#8220;][et_pb_column type=&#8220;4_4&#8243; _builder_version=&#8220;4.16&#8243; custom_padding=&#8220;|||&#8220; global_colors_info=&#8220;{}&#8220; custom_padding__hover=&#8220;|||&#8220;][et_pb_text admin_label=&#8220;Text \u00dcber Uns&#8220; _builder_version=&#8220;4.16&#8243; global_colors_info=&#8220;{}&#8220;]<\/p>\n<h3><span style=\"color: #8300e9\"><strong>\u00dcber Uns<\/strong><\/span><\/h3>\n<p>Im Bereich Kindertanz sind M\u00e4dchen und Jungen ab 4 Jahren aktiv.<br \/>In unterschiedlichen Altersgruppen tanzen sie einmal w\u00f6chentlich.<br \/>Der Kindertanz findet immer montags im Sportlerheim am Waldstadion oder Mittwoch in der Turnhalle in Leubnitz statt.<\/p>\n<p>Im Training wird das Bewusstsein f\u00fcr den Umgang mit dem eigenen K\u00f6rper, Bewegungen und Rhythmus geschult. Angefangen mit einfachen Bewegungsabl\u00e4ufen steigern sich die Kinder von kurzen zu langen Choreografien. Diese auf Festen und Feiern zu pr\u00e4sentieren, bereitet ihnen gro\u00dfe Freude.<\/p>\n<p>In den Gruppen lernen die Kinder:<\/p>\n<ul>\n<li>Orientierung im Raum<\/li>\n<li>Einpr\u00e4gen von Bewegungsfolgen<\/li>\n<li>F\u00e4higkeit der Konzentration<\/li>\n<li>Koordination<\/li>\n<\/ul>\n<p>[\/et_pb_text][\/et_pb_column][\/et_pb_row][et_pb_row column_structure=&#8220;1_3,1_3,1_3&#8243; _builder_version=&#8220;4.16&#8243; _module_preset=&#8220;default&#8220; width=&#8220;89.7%&#8220; custom_margin=&#8220;|auto|8px|auto||&#8220; custom_padding=&#8220;0px||0px|||&#8220; global_colors_info=&#8220;{}&#8220;][et_pb_column type=&#8220;1_3&#8243; _builder_version=&#8220;4.16&#8243; _module_preset=&#8220;default&#8220; global_colors_info=&#8220;{}&#8220;][et_pb_accordion _builder_version=&#8220;4.16&#8243; _module_preset=&#8220;default&#8220; min_height=&#8220;485px&#8220; global_colors_info=&#8220;{}&#8220;][et_pb_accordion_item title=&#8220;f\u00fcr Kinder ab 4 Jahren&#8220; open=&#8220;on&#8220; _builder_version=&#8220;4.16&#8243; _module_preset=&#8220;default&#8220; global_colors_info=&#8220;{}&#8220;]<\/p>\n<p><span><span>Kindertanz ist bereits f\u00fcr sehr kleine Kinder geeignet und macht bis ins Grundschulalter hinein Spa\u00df. Im Vordergrund stehen die Entwicklung von Kreativit\u00e4t und Rhythmusgef\u00fchl sowie die Sensibilisierung der Sinne. T\u00e4nzerische Bewegungsformen werden hier spielerisch einge\u00fcbt. Kinder erhalten dabei viel Freiraum, ihre eigene Bewegungsfreude und Kreativit\u00e4t einzubringen.<\/span><br \/><span style=\"color: #000000\"><strong>Diese Tanzgruppe trainiert mittwochs ab 15:30 Uhr in der Turnhalle in Leubnitz.<\/strong><\/span><\/span><\/p>\n<p>[\/et_pb_accordion_item][\/et_pb_accordion][\/et_pb_column][et_pb_column type=&#8220;1_3&#8243; _builder_version=&#8220;4.16&#8243; _module_preset=&#8220;default&#8220; global_colors_info=&#8220;{}&#8220;][et_pb_accordion _builder_version=&#8220;4.16&#8243; _module_preset=&#8220;default&#8220; custom_margin=&#8220;||-76px|||&#8220; global_colors_info=&#8220;{}&#8220;][et_pb_accordion_item title=&#8220;ab dem Grundschulalter&#8220; open=&#8220;on&#8220; _builder_version=&#8220;4.16&#8243; _module_preset=&#8220;default&#8220; global_colors_info=&#8220;{}&#8220;]<\/p>\n<p><span><span>Tanzen gibt Kindern den Raum, den sie brauchen, um Bewegung und Musik kombiniert auszuprobieren. Die M\u00e4dchen und Jungen trainieren vor allem zu Kinder-, Bewegungs- und Mitmachliedern, probieren aber auch schon<\/span><span> kleinen Choreografien zu bekannten Popliedern. Somit werden die Kinder an das Tanzen herangef\u00fchrt, um auch Auftritte zu meistern.<\/span><br \/><span>Die k\u00f6rperlichen F\u00e4higkeiten werden geschult und nat\u00fcrliche Bewegungsfreude wird gef\u00f6rdert.<\/span><br \/><span style=\"color: #000000\"><strong>Diese Tanzgruppe trainiert Montag ab <\/strong><\/span><br \/><\/span><span style=\"color: #000000\"><strong>16 Uhr im Sportlerheim Syrau.<\/strong><\/span><\/p>\n<p>[\/et_pb_accordion_item][\/et_pb_accordion][\/et_pb_column][et_pb_column type=&#8220;1_3&#8243; _builder_version=&#8220;4.16&#8243; _module_preset=&#8220;default&#8220; global_colors_info=&#8220;{}&#8220;][et_pb_accordion _builder_version=&#8220;4.16&#8243; _module_preset=&#8220;default&#8220; global_colors_info=&#8220;{}&#8220;][et_pb_accordion_item title=&#8220;f\u00fcr Kinder ab 10 Jahren&#8220; open=&#8220;on&#8220; _builder_version=&#8220;4.16&#8243; _module_preset=&#8220;default&#8220; global_colors_info=&#8220;{}&#8220;]<\/p>\n<p><span><span><span>In dieser Altersgruppe werden die Choreografien vielf\u00e4ltiger.<\/span><br \/><span>Im Tanztraining werden verschiedene Elemente aus unterschiedlichen Tanzstilen miteinander kombiniert. Dabei sollen die T\u00e4nzer\/innen ihre Bewegungserfahrungen in vielf\u00e4ltiger Art und Weise erweitern. Aus den verschiedenen Musikbereichen werden sowohl einfache als auch komplexe Choreografien zu aktuellen Liedern aus den Charts erarbeitet.<\/span><br \/><span>Manchmal bekommen sie die Chance, kleine Tanzsequenzen selbst zu kreieren.<\/span> <span><\/span><\/span><br \/><span style=\"color: #000000\"><strong>Diese Tanzgruppe trainiert montags ab 16.45 Uhr im Sportlerheim in Syrau.<\/strong><\/span><\/span><\/p>\n<p>[\/et_pb_accordion_item][\/et_pb_accordion][\/et_pb_column][\/et_pb_row][et_pb_row _builder_version=&#8220;4.16&#8243; background_size=&#8220;initial&#8220; background_position=&#8220;top_left&#8220; background_repeat=&#8220;repeat&#8220; custom_padding=&#8220;8px|||||&#8220; global_colors_info=&#8220;{}&#8220;][et_pb_column type=&#8220;4_4&#8243; _builder_version=&#8220;4.16&#8243; custom_padding=&#8220;|||&#8220; global_colors_info=&#8220;{}&#8220; custom_padding__hover=&#8220;|||&#8220;][et_pb_text admin_label=&#8220;Text Interesse geweckt&#8220; _builder_version=&#8220;4.16&#8243; global_colors_info=&#8220;{}&#8220;]<\/p>\n<h3><strong><span style=\"color: #8300e9\">Interesse geweckt?<\/span><\/strong><\/h3>\n<p>Dann schauen sie gern mit Ihrem Kind bei uns vorbei.<br \/><span style=\"color: #000000\"><strong>Wir bitten um eine telefonische Voranmeldung zum Schnuppertraining.<\/strong><\/span><\/p>\n<p>Auch f\u00fcr weitere Fragen stehen wir gern zur Verf\u00fcgung.<\/p>\n<p><span style=\"color: #000000\"><strong>Jenny R\u00f6del (0151-15747745)<\/strong><\/span><br \/><span style=\"color: #000000\"><strong>Arlett Schuster (0151-19054948)<\/strong><\/span><\/p>\n<p>[\/et_pb_text][\/et_pb_column][\/et_pb_row][\/et_pb_section]<\/p>\n","protected":false},"excerpt":{"rendered":"<p>Willkommen beim Kinder- und Jugendtanzen des SC Syrau\u00dcber Uns Im Bereich Kindertanz sind M\u00e4dchen und Jungen ab 4 Jahren aktiv.In unterschiedlichen Altersgruppen tanzen sie einmal w\u00f6chentlich.Der Kindertanz findet immer montags [&hellip;]<\/p>\n","protected":false},"author":17,"featured_media":0,"parent":0,"menu_order":0,"comment_status":"closed","ping_status":"open","template":"","meta":{"_et_pb_use_builder":"on","_et_pb_old_content":"","_et_gb_content_width":"","footnotes":""},"class_list":["post-2","page","type-page","status-publish","hentry"],"_links":{"self":[{"href":"https:\/\/www.sc-syrau.de\/kindertanzen\/wp-json\/wp\/v2\/pages\/2","targetHints":{"allow":["GET"]}}],"collection":[{"href":"https:\/\/www.sc-syrau.de\/kindertanzen\/wp-json\/wp\/v2\/pages"}],"about":[{"href":"https:\/\/www.sc-syrau.de\/kindertanzen\/wp-json\/wp\/v2\/types\/page"}],"author":[{"embeddable":true,"href":"https:\/\/www.sc-syrau.de\/kindertanzen\/wp-json\/wp\/v2\/users\/17"}],"replies":[{"embeddable":true,"href":"https:\/\/www.sc-syrau.de\/kindertanzen\/wp-json\/wp\/v2\/comments?post=2"}],"version-history":[{"count":44,"href":"https:\/\/www.sc-syrau.de\/kindertanzen\/wp-json\/wp\/v2\/pages\/2\/revisions"}],"predecessor-version":[{"id":152,"href":"https:\/\/www.sc-syrau.de\/kindertanzen\/wp-json\/wp\/v2\/pages\/2\/revisions\/152"}],"wp:attachment":[{"href":"https:\/\/www.sc-syrau.de\/kindertanzen\/wp-json\/wp\/v2\/media?parent=2"}],"curies":[{"name":"wp","href":"https:\/\/api.w.org\/{rel}","templated":true}]}}