{"id":187,"date":"2016-06-28T10:11:36","date_gmt":"2016-06-28T08:11:36","guid":{"rendered":"http:\/\/www.sc-syrau.de\/tischtennis\/?page_id=187"},"modified":"2020-10-22T22:06:59","modified_gmt":"2020-10-22T20:06:59","slug":"ueber-uns","status":"publish","type":"page","link":"https:\/\/www.sc-syrau.de\/tischtennis\/ueber-uns\/","title":{"rendered":"\u00dcber uns"},"content":{"rendered":"<p>[et_pb_section bb_built=&#8220;1&#8243; admin_label=&#8220;section&#8220; transparent_background=&#8220;off&#8220; allow_player_pause=&#8220;off&#8220; inner_shadow=&#8220;off&#8220; parallax=&#8220;off&#8220; parallax_method=&#8220;off&#8220; padding_mobile=&#8220;off&#8220; make_fullwidth=&#8220;off&#8220; use_custom_width=&#8220;off&#8220; width_unit=&#8220;on&#8220; make_equal=&#8220;off&#8220; use_custom_gutter=&#8220;off&#8220; custom_padding_tablet=&#8220;50px|0|50px|0&#8243; custom_padding_last_edited=&#8220;on|desktop&#8220; inner_width=&#8220;90%&#8220; inner_max_width=&#8220;1200px&#8220; prev_background_color=&#8220;#000000&#8243; next_background_color=&#8220;#000000&#8243;][et_pb_row admin_label=&#8220;row&#8220; background_position=&#8220;top_left&#8220; background_repeat=&#8220;repeat&#8220; background_size=&#8220;initial&#8220; width=&#8220;90%&#8220; max_width=&#8220;1200px&#8220;][et_pb_column type=&#8220;4_4&#8243; custom_padding__hover=&#8220;|||&#8220; custom_padding=&#8220;|||&#8220;][et_pb_text admin_label=&#8220;\u00dcber uns&#8220; background_layout=&#8220;dark&#8220; text_orientation=&#8220;left&#8220; use_border_color=&#8220;off&#8220; border_color=&#8220;#ffffff&#8220; border_style=&#8220;solid&#8220; header_font=&#8220;Rock Salt||||&#8220; background_position=&#8220;top_left&#8220; background_repeat=&#8220;repeat&#8220; background_size=&#8220;initial&#8220;]<\/p>\n<h1>\u00dcber uns<\/h1>\n<p>[\/et_pb_text][\/et_pb_column][\/et_pb_row][et_pb_row background_position=&#8220;top_left&#8220; background_repeat=&#8220;repeat&#8220; background_size=&#8220;initial&#8220; width=&#8220;90%&#8220; max_width=&#8220;1200px&#8220;][et_pb_column type=&#8220;4_4&#8243; custom_padding__hover=&#8220;|||&#8220; custom_padding=&#8220;|||&#8220;][et_pb_text background_layout=&#8220;dark&#8220; text_font_size=&#8220;16px&#8220; use_border_color=&#8220;off&#8220; background_position=&#8220;top_left&#8220; background_repeat=&#8220;repeat&#8220; background_size=&#8220;initial&#8220; _builder_version=&#8220;4.6.5&#8243; text_text_shadow_horizontal_length=&#8220;text_text_shadow_style,%91object Object%93&#8243; text_text_shadow_horizontal_length_tablet=&#8220;0px&#8220; text_text_shadow_vertical_length=&#8220;text_text_shadow_style,%91object Object%93&#8243; text_text_shadow_vertical_length_tablet=&#8220;0px&#8220; text_text_shadow_blur_strength=&#8220;text_text_shadow_style,%91object Object%93&#8243; text_text_shadow_blur_strength_tablet=&#8220;1px&#8220; link_text_shadow_horizontal_length=&#8220;link_text_shadow_style,%91object Object%93&#8243; link_text_shadow_horizontal_length_tablet=&#8220;0px&#8220; link_text_shadow_vertical_length=&#8220;link_text_shadow_style,%91object Object%93&#8243; link_text_shadow_vertical_length_tablet=&#8220;0px&#8220; link_text_shadow_blur_strength=&#8220;link_text_shadow_style,%91object Object%93&#8243; link_text_shadow_blur_strength_tablet=&#8220;1px&#8220; ul_text_shadow_horizontal_length=&#8220;ul_text_shadow_style,%91object Object%93&#8243; ul_text_shadow_horizontal_length_tablet=&#8220;0px&#8220; ul_text_shadow_vertical_length=&#8220;ul_text_shadow_style,%91object Object%93&#8243; ul_text_shadow_vertical_length_tablet=&#8220;0px&#8220; ul_text_shadow_blur_strength=&#8220;ul_text_shadow_style,%91object Object%93&#8243; ul_text_shadow_blur_strength_tablet=&#8220;1px&#8220; ol_text_shadow_horizontal_length=&#8220;ol_text_shadow_style,%91object Object%93&#8243; ol_text_shadow_horizontal_length_tablet=&#8220;0px&#8220; ol_text_shadow_vertical_length=&#8220;ol_text_shadow_style,%91object Object%93&#8243; ol_text_shadow_vertical_length_tablet=&#8220;0px&#8220; ol_text_shadow_blur_strength=&#8220;ol_text_shadow_style,%91object Object%93&#8243; ol_text_shadow_blur_strength_tablet=&#8220;1px&#8220; quote_text_shadow_horizontal_length=&#8220;quote_text_shadow_style,%91object Object%93&#8243; quote_text_shadow_horizontal_length_tablet=&#8220;0px&#8220; quote_text_shadow_vertical_length=&#8220;quote_text_shadow_style,%91object Object%93&#8243; quote_text_shadow_vertical_length_tablet=&#8220;0px&#8220; quote_text_shadow_blur_strength=&#8220;quote_text_shadow_style,%91object Object%93&#8243; quote_text_shadow_blur_strength_tablet=&#8220;1px&#8220; header_text_shadow_horizontal_length=&#8220;header_text_shadow_style,%91object Object%93&#8243; header_text_shadow_horizontal_length_tablet=&#8220;0px&#8220; header_text_shadow_vertical_length=&#8220;header_text_shadow_style,%91object Object%93&#8243; header_text_shadow_vertical_length_tablet=&#8220;0px&#8220; header_text_shadow_blur_strength=&#8220;header_text_shadow_style,%91object Object%93&#8243; header_text_shadow_blur_strength_tablet=&#8220;1px&#8220; header_2_text_shadow_horizontal_length=&#8220;header_2_text_shadow_style,%91object Object%93&#8243; header_2_text_shadow_horizontal_length_tablet=&#8220;0px&#8220; header_2_text_shadow_vertical_length=&#8220;header_2_text_shadow_style,%91object Object%93&#8243; header_2_text_shadow_vertical_length_tablet=&#8220;0px&#8220; header_2_text_shadow_blur_strength=&#8220;header_2_text_shadow_style,%91object Object%93&#8243; header_2_text_shadow_blur_strength_tablet=&#8220;1px&#8220; header_3_text_shadow_horizontal_length=&#8220;header_3_text_shadow_style,%91object Object%93&#8243; header_3_text_shadow_horizontal_length_tablet=&#8220;0px&#8220; header_3_text_shadow_vertical_length=&#8220;header_3_text_shadow_style,%91object Object%93&#8243; header_3_text_shadow_vertical_length_tablet=&#8220;0px&#8220; header_3_text_shadow_blur_strength=&#8220;header_3_text_shadow_style,%91object Object%93&#8243; header_3_text_shadow_blur_strength_tablet=&#8220;1px&#8220; header_4_text_shadow_horizontal_length=&#8220;header_4_text_shadow_style,%91object Object%93&#8243; header_4_text_shadow_horizontal_length_tablet=&#8220;0px&#8220; header_4_text_shadow_vertical_length=&#8220;header_4_text_shadow_style,%91object Object%93&#8243; header_4_text_shadow_vertical_length_tablet=&#8220;0px&#8220; header_4_text_shadow_blur_strength=&#8220;header_4_text_shadow_style,%91object Object%93&#8243; header_4_text_shadow_blur_strength_tablet=&#8220;1px&#8220; header_5_text_shadow_horizontal_length=&#8220;header_5_text_shadow_style,%91object Object%93&#8243; header_5_text_shadow_horizontal_length_tablet=&#8220;0px&#8220; header_5_text_shadow_vertical_length=&#8220;header_5_text_shadow_style,%91object Object%93&#8243; header_5_text_shadow_vertical_length_tablet=&#8220;0px&#8220; header_5_text_shadow_blur_strength=&#8220;header_5_text_shadow_style,%91object Object%93&#8243; header_5_text_shadow_blur_strength_tablet=&#8220;1px&#8220; header_6_text_shadow_horizontal_length=&#8220;header_6_text_shadow_style,%91object Object%93&#8243; header_6_text_shadow_horizontal_length_tablet=&#8220;0px&#8220; header_6_text_shadow_vertical_length=&#8220;header_6_text_shadow_style,%91object Object%93&#8243; header_6_text_shadow_vertical_length_tablet=&#8220;0px&#8220; header_6_text_shadow_blur_strength=&#8220;header_6_text_shadow_style,%91object Object%93&#8243; header_6_text_shadow_blur_strength_tablet=&#8220;1px&#8220; box_shadow_horizontal_tablet=&#8220;0px&#8220; box_shadow_vertical_tablet=&#8220;0px&#8220; box_shadow_blur_tablet=&#8220;40px&#8220; box_shadow_spread_tablet=&#8220;0px&#8220; vertical_offset_tablet=&#8220;0&#8243; horizontal_offset_tablet=&#8220;0&#8243; z_index_tablet=&#8220;0&#8243;]<\/p>\n<p>Die TT-Spieler des SC Syrau 1919 ehemals Traktor bzw. Aufbau Syrau geh\u00f6rten in den zur\u00fcckliegenden Jahren zu den stabilen Partnern des Vereinslebens. Bis zum Jahre 1986 stand mit Karl Degenkolb ein Mann an der Spitze der Abteilung, der dieser Abteilung Zusammenhalt und sportliche Zusammengeh\u00f6rigkeit verliehen hat. Unter seiner Leitung entwickelte sich der TT-Sport in Syrau zu einer festen Gr\u00f6\u00dfe.<\/p>\n<p>Die 1. Mannschaft belegte in all den Jahren stets vordere Platzierungen bei Mannschaftskreismeisterschaften. Nach dem vor\u00fcbergehenden Absturz 1994\/95 in die 2. Kreisliga\/Plauen ging es seitdem stets bergauf. 1998 gelang erstmals der Aufstieg in die Vogtlandliga. Zwei weitere Jahre sp\u00e4ter in der Saison 1999\/2000 erreichte die 1. Mannschaft den gr\u00f6\u00dften Erfolg in der Vereinsgeschichte. Sie stieg durch zahlreiche Neuzug\u00e4nge in die Bezirksklasse\/Chemnitz auf. Dort hielt sie sich bis zur Saison 2003\/2004. Dann verlie\u00dfen vier Leistungstr\u00e4ger den Verein und die 1. Mannschaft stieg in der Folgesaison 2004\/2005 wieder in die Vogtlandliga ab.<\/p>\n<p>Seit dem gab es Bem\u00fchungen um einen Neuaufbau der 1. Mannschaft. Trotz dieser musste in der Saison 2006\/2007 der bittere Abstieg in die Vogtlandklasse hingenommen werden. Dank der R\u00fcckkehr eigener Leistungstr\u00e4ger, die in den vergangenen Jahren k\u00fcrzer treten mussten, und spielstarken Neuzug\u00e4ngen gelang der sofortige Wiederaufstieg in die Vogtlandliga. In der h\u00f6chsten Kreisliga im Vogtland wollten man sich eigentlich 2008\/2009 &#8222;nur halten&#8220;, doch dank konstanter Leistungen gelang der Vogtlandmeistertitel und der Aufstieg in die Bezirksklasse. Nun folgte eine denkw\u00fcrdige Spielzeit. Leistungsm\u00e4\u00dfig \u00f6fters gebeutelt gelang es bis zum Schluss am Klassenerhalt zu schnuppern, um, unter Umst\u00e4nden die man in Syrau nicht so schnell vergessen wird, am Ende doch abzusteigen.<\/p>\n<p>Auch eine Klasse tiefer gab es R\u00fcckschl\u00e4ge und so wurde die Vorentscheidung um den Aufstieg verpasst und ein dritter Platz eingefahren. In der Folgesaison wurde am Anfang mit Pech der Anschluss zur Spitzengruppe verpasst, so dass ein f\u00fcnfter Platz resultierte. Gut mitspielen wollte man auch 2012\/2013 in der Vogtlandliga und in jedem Fall nichts mit dem Abstieg zu tun haben. Dies gelang von Beginn an besser als gedacht, so dass man souver\u00e4n als Vogtlandmeister den Aufstieg in die Bezirkklasse feiern konnte.<\/p>\n<p>Mit einer durch (Neu-)Zug\u00e4nge verst\u00e4rkten Mannschaft wollte man sich dort nun im sicheren Mittelfeld behaupten. Doch auch hier konnte Spiel um Spiel gewonnen werden, was zu Saisonende mit dem Aufstieg in die 2. Bezirksliga den gr\u00f6\u00dften Erfolg der Vereinsgeschichte einbrachte. Erfahrung sammeln und m\u00f6glichst nicht der letzte Tabellenplatz waren 2014\/2015 nun unser Ziel. Was, wie sich in der Vorrunde zeigte ganz sch\u00f6n schwer war. Doch dank toller Heimspiele und eine sehr guten R\u00fcckrunde, gelang sogar mit dem 8. Tabellenplatz der fr\u00fchzeitige Klassenerhalt. In der Saison 2015\/2016 wurde die 1. Mannschaft Vorletzter. Durch krankheitsbedingte Ausf\u00e4lle zieht die 1. Mannschaft sich freiwillig aus der 2. Bezirksliga zur\u00fcck um eine neue schlagkr\u00e4ftige Truppe aus j\u00fcngeren Spielern aufzubauen. In der Saison 2016\/2017 wird die 1. Mannschaft in der Bezirksklasse auf Punktejagt gehen. Hier lautet das Ziel Klassenerhalt.<\/p>\n<p>Auch die vorderen Platzierungen der anderen Mannschaften sind Kennzeichen eines permanenten und kontinuierlichen Trainingsbetriebes in der Abteilung. Dar\u00fcber hinaus wurde in all den Jahren die Nachwuchsarbeit nicht vernachl\u00e4ssigt. Zahlreiche Erfolge bei Kreiseinzelmeisterschaften sowie Turnieren und Mannschaftskreismeisterschaften sind ein Indiz daf\u00fcr. Sicher gibt es aber auch bei uns immer wieder H\u00f6hen und Tiefen.<\/p>\n<p>Mit der Bereitstellung der kostenlosen Wettkampfst\u00e4tte durch die Gemeinde Syrau haben die Mitglieder der Abteilung sehr gute Trainingsm\u00f6glichkeiten.<\/p>\n<p>Vor der Zukunft braucht es den TT-Spielern des SC Syrau 1919 nicht bange zu werden. Die Kameradschaft und der Zusammenhalt ist in der Abteilung Tischtennis fest verankert. Nicht umsonst konnten im letzten Jahr gleich 4 Neuzug\u00e4nge verzeichnet werden, wodurch auch eine 4. Mannschaft in der kommenden Saison am Punktspielbetrieb teilnehmen wird.<\/p>\n<p>[\/et_pb_text][\/et_pb_column][\/et_pb_row][\/et_pb_section]<\/p>\n","protected":false},"excerpt":{"rendered":"<p>\u00dcber uns Die TT-Spieler des SC Syrau 1919 ehemals Traktor bzw. Aufbau Syrau geh\u00f6rten in den zur\u00fcckliegenden Jahren zu den stabilen Partnern des Vereinslebens. Bis zum Jahre 1986 stand mit [&hellip;]<\/p>\n","protected":false},"author":11,"featured_media":0,"parent":0,"menu_order":0,"comment_status":"closed","ping_status":"closed","template":"","meta":{"_et_pb_use_builder":"on","_et_pb_old_content":"","_et_gb_content_width":"","_exactmetrics_skip_tracking":false,"_exactmetrics_sitenote_active":false,"_exactmetrics_sitenote_note":"","_exactmetrics_sitenote_category":0,"footnotes":""},"class_list":["post-187","page","type-page","status-publish","hentry"],"_links":{"self":[{"href":"https:\/\/www.sc-syrau.de\/tischtennis\/wp-json\/wp\/v2\/pages\/187","targetHints":{"allow":["GET"]}}],"collection":[{"href":"https:\/\/www.sc-syrau.de\/tischtennis\/wp-json\/wp\/v2\/pages"}],"about":[{"href":"https:\/\/www.sc-syrau.de\/tischtennis\/wp-json\/wp\/v2\/types\/page"}],"author":[{"embeddable":true,"href":"https:\/\/www.sc-syrau.de\/tischtennis\/wp-json\/wp\/v2\/users\/11"}],"replies":[{"embeddable":true,"href":"https:\/\/www.sc-syrau.de\/tischtennis\/wp-json\/wp\/v2\/comments?post=187"}],"version-history":[{"count":10,"href":"https:\/\/www.sc-syrau.de\/tischtennis\/wp-json\/wp\/v2\/pages\/187\/revisions"}],"predecessor-version":[{"id":1419,"href":"https:\/\/www.sc-syrau.de\/tischtennis\/wp-json\/wp\/v2\/pages\/187\/revisions\/1419"}],"wp:attachment":[{"href":"https:\/\/www.sc-syrau.de\/tischtennis\/wp-json\/wp\/v2\/media?parent=187"}],"curies":[{"name":"wp","href":"https:\/\/api.w.org\/{rel}","templated":true}]}}