{"id":42,"date":"2016-03-05T11:31:27","date_gmt":"2016-03-05T10:31:27","guid":{"rendered":"http:\/\/www.sc-syrau.de\/volleyball\/?page_id=42"},"modified":"2019-10-09T23:26:09","modified_gmt":"2019-10-09T21:26:09","slug":"maenner","status":"publish","type":"page","link":"https:\/\/www.sc-syrau.de\/volleyball\/maenner\/","title":{"rendered":"M\u00e4nner"},"content":{"rendered":"<p>[et_pb_section fb_built=&#8220;1&#8243; admin_label=&#8220;section&#8220; _builder_version=&#8220;3.22.3&#8243;][et_pb_row admin_label=&#8220;row&#8220; _builder_version=&#8220;3.22.3&#8243; background_size=&#8220;initial&#8220; background_position=&#8220;top_left&#8220; background_repeat=&#8220;repeat&#8220;][et_pb_column type=&#8220;4_4&#8243; _builder_version=&#8220;3.0.47&#8243;][et_pb_text admin_label=&#8220;Text&#8220; _builder_version=&#8220;3.22.7&#8243; background_size=&#8220;initial&#8220; background_position=&#8220;top_left&#8220; background_repeat=&#8220;repeat&#8220; use_border_color=&#8220;off&#8220; border_color=&#8220;#ffffff&#8220; border_style=&#8220;solid&#8220;]<\/p>\n<h1 style=\"text-align: center;\">Unsere M\u00e4nnermannschaft<\/h1>\n<p>[\/et_pb_text][\/et_pb_column][\/et_pb_row][et_pb_row admin_label=&#8220;Zeile&#8220; _builder_version=&#8220;3.22.3&#8243; background_size=&#8220;initial&#8220; background_position=&#8220;top_left&#8220; background_repeat=&#8220;repeat&#8220; custom_margin=&#8220;|44px||auto||&#8220;][et_pb_column type=&#8220;2_3&#8243; _builder_version=&#8220;3.0.47&#8243;][et_pb_image src=&#8220;https:\/\/www.sc-syrau.de\/volleyball\/wp-content\/uploads\/sites\/5\/2016\/03\/Maenner.jpg&#8220; admin_label=&#8220;Bild&#8220; _builder_version=&#8220;3.0.87&#8243; use_border_color=&#8220;off&#8220; border_color=&#8220;#ffffff&#8220; border_style=&#8220;solid&#8220; animation=&#8220;off&#8220; sticky=&#8220;off&#8220;] [\/et_pb_image][et_pb_text admin_label=&#8220;Text&#8220; _builder_version=&#8220;3.0.87&#8243; background_size=&#8220;initial&#8220; background_position=&#8220;top_left&#8220; background_repeat=&#8220;repeat&#8220; use_border_color=&#8220;off&#8220; border_color=&#8220;#ffffff&#8220; border_style=&#8220;solid&#8220;]<\/p>\n<p>hintere Reihe: Martin Hickstein, Michael Kre\u00dfler, Andre Lambertz<br \/>mittlere Reihe: Gunther Eckardt, Stefan Hickstein, Falk Schmidt, Gerd Neidel, J\u00fcrgen Klein, Jens Hempel<br \/>vordere Reihe: Hartmud Go\u00dfler, Christian Schulz, Marko Seifert, Friedrich Seifert<\/p>\n<p>es fehlen: Daniel H\u00e4schel, Steffen Grohmann, Jens Gerbitz, Udo Geigenm\u00fcller<\/p>\n<p>[\/et_pb_text][\/et_pb_column][et_pb_column type=&#8220;1_3&#8243; _builder_version=&#8220;3.0.47&#8243;][et_pb_text admin_label=&#8220;Text&#8220; _builder_version=&#8220;3.22.7&#8243; background_size=&#8220;initial&#8220; background_position=&#8220;top_left&#8220; background_repeat=&#8220;repeat&#8220; use_border_color=&#8220;off&#8220; border_color=&#8220;#ffffff&#8220; border_style=&#8220;solid&#8220;]<\/p>\n<p style=\"text-align: center;\"><strong><\/strong><\/p>\n<p style=\"text-align: center;\"><strong><\/strong><\/p>\n<p style=\"text-align: center;\"><strong>Trainingszeiten<\/strong><\/p>\n<p style=\"text-align: center;\"><span style=\"text-decoration: underline;\">Dienstag<\/span> <br \/>19:30 bis 21:00 Uhr<\/p>\n<p style=\"text-align: center;\">Turnhalle Syrau<\/p>\n<p style=\"text-align: center;\"><strong>Ansprechpartner<\/strong><\/p>\n<p style=\"text-align: center;\">Marko Seifert<br \/> (Tel.: 037431 \/ 86032)<\/p>\n<p>[\/et_pb_text][\/et_pb_column][\/et_pb_row][\/et_pb_section]<\/p>\n","protected":false},"excerpt":{"rendered":"<p>Unsere M\u00e4nnermannschaft hintere Reihe: Martin Hickstein, Michael Kre\u00dfler, Andre Lambertzmittlere Reihe: Gunther Eckardt, Stefan Hickstein, Falk Schmidt, Gerd Neidel, J\u00fcrgen Klein, Jens Hempelvordere Reihe: Hartmud Go\u00dfler, Christian Schulz, Marko Seifert, [&hellip;]<\/p>\n","protected":false},"author":2,"featured_media":0,"parent":0,"menu_order":0,"comment_status":"closed","ping_status":"closed","template":"","meta":{"_et_pb_use_builder":"on","_et_pb_old_content":"","_et_gb_content_width":"","footnotes":""},"class_list":["post-42","page","type-page","status-publish","hentry"],"_links":{"self":[{"href":"https:\/\/www.sc-syrau.de\/volleyball\/wp-json\/wp\/v2\/pages\/42","targetHints":{"allow":["GET"]}}],"collection":[{"href":"https:\/\/www.sc-syrau.de\/volleyball\/wp-json\/wp\/v2\/pages"}],"about":[{"href":"https:\/\/www.sc-syrau.de\/volleyball\/wp-json\/wp\/v2\/types\/page"}],"author":[{"embeddable":true,"href":"https:\/\/www.sc-syrau.de\/volleyball\/wp-json\/wp\/v2\/users\/2"}],"replies":[{"embeddable":true,"href":"https:\/\/www.sc-syrau.de\/volleyball\/wp-json\/wp\/v2\/comments?post=42"}],"version-history":[{"count":15,"href":"https:\/\/www.sc-syrau.de\/volleyball\/wp-json\/wp\/v2\/pages\/42\/revisions"}],"predecessor-version":[{"id":280,"href":"https:\/\/www.sc-syrau.de\/volleyball\/wp-json\/wp\/v2\/pages\/42\/revisions\/280"}],"wp:attachment":[{"href":"https:\/\/www.sc-syrau.de\/volleyball\/wp-json\/wp\/v2\/media?parent=42"}],"curies":[{"name":"wp","href":"https:\/\/api.w.org\/{rel}","templated":true}]}}

Männer

<p>[et_pb_section fb_built=&#8220;1&#8243; admin_label=&#8220;section&#8220; _builder_version=&#8220;3.22.3&#8243;][et_pb_row admin_label=&#8220;row&#8220; _builder_version=&#8220;3.22.3&#8243; background_size=&#8220;initial&#8220; background_position=&#8220;top_left&#8220; background_repeat=&#8220;repeat&#8220;][et_pb_column type=&#8220;4_4&#8243; _builder_version=&#8220;3.0.47&#8243;][et_pb_text admin_label=&#8220;Text&#8220; _builder_version=&#8220;3.22.7&#8243; background_size=&#8220;initial&#8220; background_position=&#8220;top_left&#8220; background_repeat=&#8220;repeat&#8220; use_border_color=&#8220;off&#8220; border_color=&#8220;#ffffff&#8220; border_style=&#8220;solid&#8220;]</p>
<h1 style="text-align: center;">Unsere Männermannschaft</h1>
<p>[/et_pb_text][/et_pb_column][/et_pb_row][et_pb_row admin_label=&#8220;Zeile&#8220; _builder_version=&#8220;3.22.3&#8243; background_size=&#8220;initial&#8220; background_position=&#8220;top_left&#8220; background_repeat=&#8220;repeat&#8220; custom_margin=&#8220;|44px||auto||&#8220;][et_pb_column type=&#8220;2_3&#8243; _builder_version=&#8220;3.0.47&#8243;][et_pb_image src=&#8220;https://www.sc-syrau.de/volleyball/wp-content/uploads/sites/5/2016/03/Maenner.jpg&#8220; admin_label=&#8220;Bild&#8220; _builder_version=&#8220;3.0.87&#8243; use_border_color=&#8220;off&#8220; border_color=&#8220;#ffffff&#8220; border_style=&#8220;solid&#8220; animation=&#8220;off&#8220; sticky=&#8220;off&#8220;] [/et_pb_image][et_pb_text admin_label=&#8220;Text&#8220; _builder_version=&#8220;3.0.87&#8243; background_size=&#8220;initial&#8220; background_position=&#8220;top_left&#8220; background_repeat=&#8220;repeat&#8220; use_border_color=&#8220;off&#8220; border_color=&#8220;#ffffff&#8220; border_style=&#8220;solid&#8220;]</p>
<p>hintere Reihe: Martin Hickstein, Michael Kreßler, Andre Lambertz<br />mittlere Reihe: Gunther Eckardt, Stefan Hickstein, Falk Schmidt, Gerd Neidel, Jürgen Klein, Jens Hempel<br />vordere Reihe: Hartmud Goßler, Christian Schulz, Marko Seifert, Friedrich Seifert</p>
<p>es fehlen: Daniel Häschel, Steffen Grohmann, Jens Gerbitz, Udo Geigenmüller</p>
<p>[/et_pb_text][/et_pb_column][et_pb_column type=&#8220;1_3&#8243; _builder_version=&#8220;3.0.47&#8243;][et_pb_text admin_label=&#8220;Text&#8220; _builder_version=&#8220;3.22.7&#8243; background_size=&#8220;initial&#8220; background_position=&#8220;top_left&#8220; background_repeat=&#8220;repeat&#8220; use_border_color=&#8220;off&#8220; border_color=&#8220;#ffffff&#8220; border_style=&#8220;solid&#8220;]</p>
<p style="text-align: center;"><strong></strong></p>
<p style="text-align: center;"><strong></strong></p>
<p style="text-align: center;"><strong>Trainingszeiten</strong></p>
<p style="text-align: center;"><span style="text-decoration: underline;">Dienstag</span> <br />19:30 bis 21:00 Uhr</p>
<p style="text-align: center;">Turnhalle Syrau</p>
<p style="text-align: center;"><strong>Ansprechpartner</strong></p>
<p style="text-align: center;">Marko Seifert<br /> (Tel.: 037431 / 86032)</p>
<p>[/et_pb_text][/et_pb_column][/et_pb_row][/et_pb_section]</p>

<p>Unsere Männermannschaft hintere Reihe: Martin Hickstein, Michael Kreßler, Andre Lambertzmittlere Reihe: Gunther Eckardt, Stefan Hickstein, Falk Schmidt, Gerd Neidel, Jürgen Klein, Jens Hempelvordere Reihe: Hartmud Goßler, Christian Schulz, Marko Seifert, [&hellip;]</p>
